{"id":62,"date":"2017-06-21T09:49:36","date_gmt":"2017-06-21T09:49:36","guid":{"rendered":"http:\/\/freibad-hattorf.de\/?page_id=62"},"modified":"2024-09-03T08:54:23","modified_gmt":"2024-09-03T08:54:23","slug":"der-vorstand","status":"publish","type":"page","link":"https:\/\/freibad-hattorf.de\/?page_id=62","title":{"rendered":"Vorstand"},"content":{"rendered":"<h1 style=\"text-align: left;\"><img loading=\"lazy\" decoding=\"async\" class=\"alignnone  wp-image-1227\" src=\"https:\/\/freibad-hattorf.de\/wp-content\/uploads\/2024\/09\/IMG_3131-300x225.jpg\" alt=\"\" width=\"325\" height=\"244\" srcset=\"https:\/\/freibad-hattorf.de\/wp-content\/uploads\/2024\/09\/IMG_3131-300x225.jpg 300w, https:\/\/freibad-hattorf.de\/wp-content\/uploads\/2024\/09\/IMG_3131-1024x768.jpg 1024w, https:\/\/freibad-hattorf.de\/wp-content\/uploads\/2024\/09\/IMG_3131-768x576.jpg 768w, https:\/\/freibad-hattorf.de\/wp-content\/uploads\/2024\/09\/IMG_3131-1536x1152.jpg 1536w, https:\/\/freibad-hattorf.de\/wp-content\/uploads\/2024\/09\/IMG_3131-2048x1536.jpg 2048w\" sizes=\"auto, (max-width: 325px) 100vw, 325px\" \/><\/h1>\n<hr \/>\n<p><strong>Hans-J\u00fcrgen Krenzer <\/strong>(1. Vorsitzender, 1.vorsitzender@freibad-hattorf.de)<br \/>\n<strong>Tobias Peltzer <\/strong>(2. Vorsitzender, Email: 2.vorsitzender@freibad-hattorf.de)<br \/>\n<b>Anika \u00d6hne <\/b>(Schriftf\u00fchrerin)<br \/>\n<strong>Monika J\u00fcnemann<\/strong> (Kassenwartin)<br \/>\n<strong>Frank Kaiser<\/strong> (Beisitzer)<\/p>\n<p><b>Erweiterter Vorstand:<br \/>\n<\/b><strong>Tobias\u00a0Peltzer<\/strong> (Pressewart)<br \/>\n<b><strong>Andrea Kahle, Mechthild Krenzer und Albert Koch\u00a0<\/strong><\/b>(Veranstaltungskomitee)<\/p>\n<hr \/>\n","protected":false},"excerpt":{"rendered":"<p>Hans-J\u00fcrgen Krenzer (1. Vorsitzender, 1.vorsitzender@freibad-hattorf.de) Tobias Peltzer (2. Vorsitzender, Email: 2.vorsitzender@freibad-hattorf.de) Anika \u00d6hne (Schriftf\u00fchrerin) Monika J\u00fcnemann (Kassenwartin) Frank Kaiser (Beisitzer) Erweiterter Vorstand: Tobias\u00a0Peltzer (Pressewart) Andrea Kahle, Mechthild Krenzer und Albert Koch\u00a0(Veranstaltungskomitee)<\/p>\n","protected":false},"author":4,"featured_media":0,"parent":0,"menu_order":0,"comment_status":"closed","ping_status":"closed","template":"","meta":{"footnotes":""},"class_list":["post-62","page","type-page","status-publish","hentry"],"_links":{"self":[{"href":"https:\/\/freibad-hattorf.de\/index.php?rest_route=\/wp\/v2\/pages\/62","targetHints":{"allow":["GET"]}}],"collection":[{"href":"https:\/\/freibad-hattorf.de\/index.php?rest_route=\/wp\/v2\/pages"}],"about":[{"href":"https:\/\/freibad-hattorf.de\/index.php?rest_route=\/wp\/v2\/types\/page"}],"author":[{"embeddable":true,"href":"https:\/\/freibad-hattorf.de\/index.php?rest_route=\/wp\/v2\/users\/4"}],"replies":[{"embeddable":true,"href":"https:\/\/freibad-hattorf.de\/index.php?rest_route=%2Fwp%2Fv2%2Fcomments&post=62"}],"version-history":[{"count":23,"href":"https:\/\/freibad-hattorf.de\/index.php?rest_route=\/wp\/v2\/pages\/62\/revisions"}],"predecessor-version":[{"id":1229,"href":"https:\/\/freibad-hattorf.de\/index.php?rest_route=\/wp\/v2\/pages\/62\/revisions\/1229"}],"wp:attachment":[{"href":"https:\/\/freibad-hattorf.de\/index.php?rest_route=%2Fwp%2Fv2%2Fmedia&parent=62"}],"curies":[{"name":"wp","href":"https:\/\/api.w.org\/{rel}","templated":true}]}}

<h1 style="text-align: left;"><img loading="lazy" decoding="async" class="alignnone  wp-image-1227" src="https://freibad-hattorf.de/wp-content/uploads/2024/09/IMG_3131-300x225.jpg" alt="" width="325" height="244" srcset="https://freibad-hattorf.de/wp-content/uploads/2024/09/IMG_3131-300x225.jpg 300w, https://freibad-hattorf.de/wp-content/uploads/2024/09/IMG_3131-1024x768.jpg 1024w, https://freibad-hattorf.de/wp-content/uploads/2024/09/IMG_3131-768x576.jpg 768w, https://freibad-hattorf.de/wp-content/uploads/2024/09/IMG_3131-1536x1152.jpg 1536w, https://freibad-hattorf.de/wp-content/uploads/2024/09/IMG_3131-2048x1536.jpg 2048w" sizes="auto, (max-width: 325px) 100vw, 325px" /></h1>
<hr />
<p><strong>Hans-Jürgen Krenzer </strong>(1. Vorsitzender, 1.vorsitzender@freibad-hattorf.de)<br />
<strong>Tobias Peltzer </strong>(2. Vorsitzender, Email: 2.vorsitzender@freibad-hattorf.de)<br />
<b>Anika Öhne </b>(Schriftführerin)<br />
<strong>Monika Jünemann</strong> (Kassenwartin)<br />
<strong>Frank Kaiser</strong> (Beisitzer)</p>
<p><b>Erweiterter Vorstand:<br />
</b><strong>Tobias Peltzer</strong> (Pressewart)<br />
<b><strong>Andrea Kahle, Mechthild Krenzer und Albert Koch </strong></b>(Veranstaltungskomitee)</p>
<hr />

<p>Hans-Jürgen Krenzer (1. Vorsitzender, 1.vorsitzender@freibad-hattorf.de) Tobias Peltzer (2. Vorsitzender, Email: 2.vorsitzender@freibad-hattorf.de) Anika Öhne (Schriftführerin) Monika Jünemann (Kassenwartin) Frank Kaiser (Beisitzer) Erweiterter Vorstand: Tobias Peltzer (Pressewart) Andrea Kahle, Mechthild Krenzer und Albert Koch (Veranstaltungskomitee)</p>
